{"id":1015,"date":"2024-04-18T17:35:36","date_gmt":"2024-04-18T15:35:36","guid":{"rendered":"https:\/\/kie.ue.poznan.pl\/pl\/?page_id=1015"},"modified":"2025-05-29T15:13:20","modified_gmt":"2025-05-29T13:13:20","slug":"harmonogram-roku-akademickiego-2024-2025","status":"publish","type":"page","link":"https:\/\/kie.ue.poznan.pl\/pl\/harmonogram-roku-akademickiego-2024-2025\/","title":{"rendered":"Harmonogram Roku Akademickiego 2024\/2025"},"content":{"rendered":"<p>Harmonogram Roku Akademickiego 2024\/2025 na studiach stacjonarnych oraz niestacjonarnych pierwszego i drugiego stopnia na Uniwersytecie Ekonomicznym w Poznaniu.<\/p>\n<div style=\"width: 100%; background-color: rgba(128, 128, 128, 0.13); \"><a href=\"\/pl\/harmonogram-roku-akademickiego-2023-2024\" title=\"Harmonogram Roku Akademickiego 2023\/2024\" style=\"float:left; margin: 5px;\">&larr; Rok 2023\/2024<\/a><a href=\"\/pl\/harmonogram-roku-akademickiego-2025-2026\" title=\"Harmonogram Roku Akademickiego 2025\/2026\" style=\"float:right; margin: 5px;\">Rok 2025\/2026 &rarr;<\/a><\/p>\n<div style=\"clear:both;\"><\/div>\n<\/div>\n<style type=\"text\/css\">\n.harmonogram  {border-collapse:collapse;border-spacing:0;}\n.harmonogram td{border-style:solid;border-width:1px;font-family:Arial, sans-serif;font-size:14px; overflow:hidden;padding:10px 5px;word-break:normal;}\n.harmonogram th{border-style:solid;border-width:1px;font-family:Arial, sans-serif;font-size:14px; font-weight:normal;overflow:hidden;padding:10px 5px;word-break:normal;}\n.harmonogram .styl1tg{font-weight:bold;text-align:center;vertical-align:middle}\n.harmonogram .styl2tg{text-align:left;vertical-align:bottom; width: 40%;}\n.harmonogram .styl3tg{font-weight:bold;text-align:left;vertical-align:middle}\n.harmonogram .styl4tg{text-align:center;vertical-align:middle}\n.harmonogram .gwiazdka1{padding-left:14px;}\n.harmonogram .gwiazdka2{padding-left:20px;}\n<\/style>\n<table class=\"harmonogram\">\n<thead>\n<tr>\n<th class=\"styl2tg\"><\/th>\n<th class=\"styl1tg\">Stacjonarne<\/th>\n<th class=\"styl1tg\">Niestacjonarne<\/th>\n<\/tr>\n<\/thead>\n<tbody>\n<tr>\n<td class=\"styl3tg\" style=\"border-top-width: 3px;\">SEMESTR ZIMOWY:<\/td>\n<td class=\"styl1tg\" style=\"border-top-width: 3px;\">01.10.2024 \u2013 16.02.2025<\/td>\n<td class=\"styl1tg\" style=\"border-top-width: 3px;\">01.10.2024 \u2013 16.02.2025<\/td>\n<\/tr>\n<tr>\n<td class=\"styl2tg\">Zaj\u0119cia dydaktyczne<\/td>\n<td class=\"styl4tg gwiazdka1\">01.10.2024 \u2013 02.02.2025 *<\/td>\n<td class=\"styl4tg\">04.10.2024 \u2013 02.02.2025<\/td>\n<\/tr>\n<tr>\n<td class=\"styl2tg\">Przerwa \u015bwi\u0105teczna<\/td>\n<td class=\"styl4tg\">23.12.2024 \u2013 06.01.2025<\/td>\n<td class=\"styl4tg\">23.12.2024 \u2013 16.01.2025<\/td>\n<\/tr>\n<tr>\n<td class=\"styl2tg\">Zimowa sesja egzaminacyjna<\/td>\n<td class=\"styl4tg\">03.02.2025 \u2013 16.02.2025<\/td>\n<td class=\"styl4tg\">03.02.2025 \u2013 16.02.2025<\/td>\n<\/tr>\n<tr>\n<td class=\"styl2tg\">Przerwa mi\u0119dzysemestralna<\/td>\n<td class=\"styl4tg\">17.02.2025 \u2013 23.02.2025<\/td>\n<td class=\"styl4tg\">17.02.2025 \u2013 06.03.2025<\/td>\n<\/tr>\n<tr>\n<td class=\"styl2tg\">Zimowa sesja poprawkowa<\/td>\n<td class=\"styl4tg\">17.02.2025 \u2013 02.03.2025<\/td>\n<td class=\"styl4tg\">17.02.2025 \u2013 02.03.2025<\/td>\n<\/tr>\n<tr>\n<td class=\"styl3tg\" style=\"border-top-width: 3px;\">SEMESTR LETNI:<\/td>\n<td class=\"styl1tg\" style=\"border-top-width: 3px;\">24.02.2025 \u2013 30.09.2025<\/td>\n<td class=\"styl1tg\" style=\"border-top-width: 3px;\">07.03.2025 \u2013 30.09.2025<\/td>\n<\/tr>\n<tr>\n<td class=\"styl2tg\">Zaj\u0119cia dydaktyczne<\/td>\n<td class=\"styl4tg gwiazdka2\">24.02.2025 \u2013 22.06.2025 **<\/td>\n<td class=\"styl4tg\">07.03.2025 \u2013 29.06.2025<\/td>\n<\/tr>\n<tr>\n<td class=\"styl2tg\">Przerwa \u015bwi\u0105teczna<\/td>\n<td class=\"styl4tg\">18.04.2025 \u2013 22.04.2025<\/td>\n<td class=\"styl4tg\">07.04.2025 &#8211; 24.04.2025<\/td>\n<\/tr>\n<tr>\n<td class=\"styl2tg\">Letnia sesja egzaminacyjna<\/td>\n<td class=\"styl4tg\">23.06.2025 \u2013 06.07.2025<\/td>\n<td class=\"styl4tg\">30.06.2025 \u2013 13.07.2025<\/td>\n<\/tr>\n<tr>\n<td class=\"styl2tg\">Letnia sesja poprawkowa dla student\u00f3w 6 semestru studi\u00f3w pierwszego stopnia<\/td>\n<td class=\"styl4tg\">07.07.2025 \u2013 20.07.2025<\/td>\n<td class=\"styl4tg\">14.07.2025 \u2013 27.07.2025<\/td>\n<\/tr>\n<tr>\n<td class=\"styl2tg\">Letnia przerwa mi\u0119dzysemestralna<\/td>\n<td class=\"styl4tg\">07.07.2025 \u2013 14.09.2025<\/td>\n<td class=\"styl4tg\">14.07.2025 \u2013 14.09.2025<\/td>\n<\/tr>\n<tr>\n<td class=\"styl2tg\">Letnia sesja poprawkowa (z wy\u0142\u0105czeniem student\u00f3w 6 semestru studi\u00f3w pierwszego stopnia)<\/td>\n<td class=\"styl4tg\">15.09.2025 \u2013 28.09.2025<\/td>\n<td class=\"styl4tg\">15.09.2025 \u2013 28.09.2025<\/td>\n<\/tr>\n<\/tbody>\n<\/table>\n<ul>\n<li>* <strong>12.11.2024 (wtorek)<\/strong> \u2013 realizacja zaj\u0119\u0107 zgodnie z planem ustalonym na <strong>poniedzia\u0142ki<\/strong><\/li>\n<li>* <strong>08.01.2025 (\u015broda)<\/strong> \u2013 realizacja zaj\u0119\u0107 zgodnie z planem ustalonym na  <strong>poniedzia\u0142ki<\/strong><\/li>\n<li>** <strong>18.06.2025 (\u015broda)<\/strong> \u2013  realizacja zaj\u0119\u0107 zgodnie z planem ustalonym na <strong>pi\u0105tki<\/strong><\/li>\n<li>Dodatkowe dni wolne: 31.10.2024, 28.04 &#8211; 30.04.2025, 02.05.2025, 20.06.2025<\/li>\n<li>\u201eDni Adaptacyjne\u201d dla student\u00f3w I roku: 26.09 \u2013 27.09.2024<\/li>\n<\/ul>\n<p><em>\u0179r\u00f3d\u0142o: <a href=\"https:\/\/ue.poznan.pl\/pobierz\/elhEVV5QVl9UV3gJFgMIDgcBAwg\/\" rel=\"noopener noreferrer\" target=\"_blank\">Zarz\u0105dzenie nr 27\/2024<\/a> Rektora Uniwersytetu Ekonomicznego w Poznaniu z dnia 17 kwietnia 2024 roku<\/em><\/p>\n","protected":false},"excerpt":{"rendered":"<p>Harmonogram Roku Akademickiego 2024\/2025 na studiach stacjonarnych oraz niestacjonarnych pierwszego i drugiego stopnia na Uniwersytecie Ekonomicznym w Poznaniu. &larr; Rok 2023\/2024Rok 2025\/2026 &rarr; Stacjonarne Niestacjonarne SEMESTR ZIMOWY: 01.10.2024 \u2013 16.02.2025 01.10.2024 \u2013 16.02.2025 Zaj\u0119cia dydaktyczne 01.10.2024 \u2013 02.02.2025 * 04.10.2024 \u2013 02.02.2025 Przerwa \u015bwi\u0105teczna 23.12.2024 \u2013 06.01.2025 23.12.2024 \u2013 16.01.2025 Zimowa sesja egzaminacyjna 03.02.2025 \u2013 16.02.2025 03.02.2025 \u2013 16.02.2025 Przerwa mi\u0119dzysemestralna 17.02.2025 \u2013 23.02.2025 17.02.2025 \u2013 06.03.2025 Zimowa sesja poprawkowa <a href=\"https:\/\/kie.ue.poznan.pl\/pl\/harmonogram-roku-akademickiego-2024-2025\/\" class=\"read-more\">&#8230; Wi\u0119cej informacji<\/a><\/p>\n","protected":false},"author":1,"featured_media":1087,"parent":0,"menu_order":0,"comment_status":"closed","ping_status":"closed","template":"","meta":{"footnotes":""},"class_list":["post-1015","page","type-page","status-publish","has-post-thumbnail","hentry"],"_links":{"self":[{"href":"https:\/\/kie.ue.poznan.pl\/pl\/wp-json\/wp\/v2\/pages\/1015","targetHints":{"allow":["GET"]}}],"collection":[{"href":"https:\/\/kie.ue.poznan.pl\/pl\/wp-json\/wp\/v2\/pages"}],"about":[{"href":"https:\/\/kie.ue.poznan.pl\/pl\/wp-json\/wp\/v2\/types\/page"}],"author":[{"embeddable":true,"href":"https:\/\/kie.ue.poznan.pl\/pl\/wp-json\/wp\/v2\/users\/1"}],"replies":[{"embeddable":true,"href":"https:\/\/kie.ue.poznan.pl\/pl\/wp-json\/wp\/v2\/comments?post=1015"}],"version-history":[{"count":0,"href":"https:\/\/kie.ue.poznan.pl\/pl\/wp-json\/wp\/v2\/pages\/1015\/revisions"}],"wp:featuredmedia":[{"embeddable":true,"href":"https:\/\/kie.ue.poznan.pl\/pl\/wp-json\/wp\/v2\/media\/1087"}],"wp:attachment":[{"href":"https:\/\/kie.ue.poznan.pl\/pl\/wp-json\/wp\/v2\/media?parent=1015"}],"curies":[{"name":"wp","href":"https:\/\/api.w.org\/{rel}","templated":true}]}}

<p>Harmonogram Roku Akademickiego 2024/2025 na studiach stacjonarnych oraz niestacjonarnych pierwszego i drugiego stopnia na Uniwersytecie Ekonomicznym w Poznaniu.</p>
<div style="width: 100%; background-color: rgba(128, 128, 128, 0.13); "><a href="/pl/harmonogram-roku-akademickiego-2023-2024" title="Harmonogram Roku Akademickiego 2023/2024" style="float:left; margin: 5px;">&larr; Rok 2023/2024</a><a href="/pl/harmonogram-roku-akademickiego-2025-2026" title="Harmonogram Roku Akademickiego 2025/2026" style="float:right; margin: 5px;">Rok 2025/2026 &rarr;</a></p>
<div style="clear:both;"></div>
</div>
<style type="text/css">
.harmonogram  {border-collapse:collapse;border-spacing:0;}
.harmonogram td{border-style:solid;border-width:1px;font-family:Arial, sans-serif;font-size:14px; overflow:hidden;padding:10px 5px;word-break:normal;}
.harmonogram th{border-style:solid;border-width:1px;font-family:Arial, sans-serif;font-size:14px; font-weight:normal;overflow:hidden;padding:10px 5px;word-break:normal;}
.harmonogram .styl1tg{font-weight:bold;text-align:center;vertical-align:middle}
.harmonogram .styl2tg{text-align:left;vertical-align:bottom; width: 40%;}
.harmonogram .styl3tg{font-weight:bold;text-align:left;vertical-align:middle}
.harmonogram .styl4tg{text-align:center;vertical-align:middle}
.harmonogram .gwiazdka1{padding-left:14px;}
.harmonogram .gwiazdka2{padding-left:20px;}
</style>
<table class="harmonogram">
<thead>
<tr>
<th class="styl2tg"></th>
<th class="styl1tg">Stacjonarne</th>
<th class="styl1tg">Niestacjonarne</th>
</tr>
</thead>
<tbody>
<tr>
<td class="styl3tg" style="border-top-width: 3px;">SEMESTR ZIMOWY:</td>
<td class="styl1tg" style="border-top-width: 3px;">01.10.2024 – 16.02.2025</td>
<td class="styl1tg" style="border-top-width: 3px;">01.10.2024 – 16.02.2025</td>
</tr>
<tr>
<td class="styl2tg">Zajęcia dydaktyczne</td>
<td class="styl4tg gwiazdka1">01.10.2024 – 02.02.2025 *</td>
<td class="styl4tg">04.10.2024 – 02.02.2025</td>
</tr>
<tr>
<td class="styl2tg">Przerwa świąteczna</td>
<td class="styl4tg">23.12.2024 – 06.01.2025</td>
<td class="styl4tg">23.12.2024 – 16.01.2025</td>
</tr>
<tr>
<td class="styl2tg">Zimowa sesja egzaminacyjna</td>
<td class="styl4tg">03.02.2025 – 16.02.2025</td>
<td class="styl4tg">03.02.2025 – 16.02.2025</td>
</tr>
<tr>
<td class="styl2tg">Przerwa międzysemestralna</td>
<td class="styl4tg">17.02.2025 – 23.02.2025</td>
<td class="styl4tg">17.02.2025 – 06.03.2025</td>
</tr>
<tr>
<td class="styl2tg">Zimowa sesja poprawkowa</td>
<td class="styl4tg">17.02.2025 – 02.03.2025</td>
<td class="styl4tg">17.02.2025 – 02.03.2025</td>
</tr>
<tr>
<td class="styl3tg" style="border-top-width: 3px;">SEMESTR LETNI:</td>
<td class="styl1tg" style="border-top-width: 3px;">24.02.2025 – 30.09.2025</td>
<td class="styl1tg" style="border-top-width: 3px;">07.03.2025 – 30.09.2025</td>
</tr>
<tr>
<td class="styl2tg">Zajęcia dydaktyczne</td>
<td class="styl4tg gwiazdka2">24.02.2025 – 22.06.2025 **</td>
<td class="styl4tg">07.03.2025 – 29.06.2025</td>
</tr>
<tr>
<td class="styl2tg">Przerwa świąteczna</td>
<td class="styl4tg">18.04.2025 – 22.04.2025</td>
<td class="styl4tg">07.04.2025 &#8211; 24.04.2025</td>
</tr>
<tr>
<td class="styl2tg">Letnia sesja egzaminacyjna</td>
<td class="styl4tg">23.06.2025 – 06.07.2025</td>
<td class="styl4tg">30.06.2025 – 13.07.2025</td>
</tr>
<tr>
<td class="styl2tg">Letnia sesja poprawkowa dla studentów 6 semestru studiów pierwszego stopnia</td>
<td class="styl4tg">07.07.2025 – 20.07.2025</td>
<td class="styl4tg">14.07.2025 – 27.07.2025</td>
</tr>
<tr>
<td class="styl2tg">Letnia przerwa międzysemestralna</td>
<td class="styl4tg">07.07.2025 – 14.09.2025</td>
<td class="styl4tg">14.07.2025 – 14.09.2025</td>
</tr>
<tr>
<td class="styl2tg">Letnia sesja poprawkowa (z wyłączeniem studentów 6 semestru studiów pierwszego stopnia)</td>
<td class="styl4tg">15.09.2025 – 28.09.2025</td>
<td class="styl4tg">15.09.2025 – 28.09.2025</td>
</tr>
</tbody>
</table>
<ul>
<li>* <strong>12.11.2024 (wtorek)</strong> – realizacja zajęć zgodnie z planem ustalonym na <strong>poniedziałki</strong></li>
<li>* <strong>08.01.2025 (środa)</strong> – realizacja zajęć zgodnie z planem ustalonym na  <strong>poniedziałki</strong></li>
<li>** <strong>18.06.2025 (środa)</strong> –  realizacja zajęć zgodnie z planem ustalonym na <strong>piątki</strong></li>
<li>Dodatkowe dni wolne: 31.10.2024, 28.04 &#8211; 30.04.2025, 02.05.2025, 20.06.2025</li>
<li>„Dni Adaptacyjne” dla studentów I roku: 26.09 – 27.09.2024</li>
</ul>
<p><em>Źródło: <a href="https://ue.poznan.pl/pobierz/elhEVV5QVl9UV3gJFgMIDgcBAwg/" rel="noopener noreferrer" target="_blank">Zarządzenie nr 27/2024</a> Rektora Uniwersytetu Ekonomicznego w Poznaniu z dnia 17 kwietnia 2024 roku</em></p>

<p>Harmonogram Roku Akademickiego 2024/2025 na studiach stacjonarnych oraz niestacjonarnych pierwszego i drugiego stopnia na Uniwersytecie Ekonomicznym w Poznaniu. &larr; Rok 2023/2024Rok 2025/2026 &rarr; Stacjonarne Niestacjonarne SEMESTR ZIMOWY: 01.10.2024 – 16.02.2025 01.10.2024 – 16.02.2025 Zajęcia dydaktyczne 01.10.2024 – 02.02.2025 * 04.10.2024 – 02.02.2025 Przerwa świąteczna 23.12.2024 – 06.01.2025 23.12.2024 – 16.01.2025 Zimowa sesja egzaminacyjna 03.02.2025 – 16.02.2025 03.02.2025 – 16.02.2025 Przerwa międzysemestralna 17.02.2025 – 23.02.2025 17.02.2025 – 06.03.2025 Zimowa sesja poprawkowa <a href="https://kie.ue.poznan.pl/pl/harmonogram-roku-akademickiego-2024-2025/" class="read-more">&#8230; Więcej informacji</a></p>
